2 + 20*f + 11. Let c(q) = -q**2 - 10*q - 5. Let z(w) = -7*c(w) - 3*m(w). What is z(-10)?
2
Let l(d) = d - 2. Let r(k) = -7*k - 5. Suppose 6*s - 2 = 8*s. Let o(w) = s*l(w) + r(w). Give o(-4).
29
Suppose -3 = 2*r + 7. Let l(w) = -2*w**2 - 4*w + 3. What is l(r)?
-27
Let r(j) = -j**3 - 10*j**2 - 7*j + 1. Suppose -5*a - 27 = -5*b + 13, 0 = 5*a + 5*b + 50. Calculate r(a).
-17
Let k(z) = z - 8. Let r be ((4 - 4) + -4 - -4)/(-2). Determine k(r).
-8
Let n(l) = -l**2 + 7*l + 12. Let y be (-39)/(-13) - (-7 + -1 + 2). Calculate n(y).
-6
Let m(z) = 22*z. Let r(k) = -7*k. Let b be 98/(-6) - (-5)/15. Let v(n) = b*r(n) - 5*m(n). Determine v(-1).
-2
Let f(j) = -4424*j + j**3 + 1 - 2*j**2 + 8*j**3 + 4424*j. Let o(i) = i + 5. Let n be o(-6). Let q be n/((2/2)/(-1)). Determine f(q).
8
Let t(i) be the first derivative of -i**2/2 + 2*i - 1. Let y be (-46)/8 - 24/(-32). What is t(y)?
7
Let m(z) = z**3 - 6*z**2 - z + 3. Let a be -9*(-4 + 28/12). Suppose 16*i = a*i + 6. Calculate m(i).
-3
Suppose -6*l = -20 - 16. Let z(i) = -5*i + 0*i**2 - 2 + 9 + i**2 - 2. What is z(l)?
11
Let r(y) = 15*y**2 - 1. Let q = -25 + 27. Suppose -18 = q*a + 4*l, 2*a = -0*a - 5*l - 23. Give r(a).
14
Let n(x) = 1336*x + 1 - 2690*x + 1336*x. What is n(-1)?
19
Let n(u) = u**2 - 9*u - 5. Suppose 2 = b, 2*x + 3*b - 21 = 3. Give n(x).
-5
Let r be 5/(125/1035) - 3/(-5). Let g(a) = -17*a + r*a - 7*a - 7 - 14*a - a**2. Calculate g(5).
-12
Let v(q) = -q - 3. Let k be v(-3). Let t(z) be the third derivative of -z**4/24 - z**3/6 + 70*z**2. Calculate t(k).
-1
Let y(w) be the first derivative of -w**5/20 + w**4/12 + w**3/2 - w**2/2 + 26*w + 22. Let l(d) be the first derivative of y(d). What is l(-3)?
26
Let f(c) = c**2 + 3*c + 3. Let y = -15 + 25. Let d be 141/27 + y/(-45). Suppose -9 - 11 = d*i. What is f(i)?
7
Let k(p) = p**2 + 2*p - 1. Let x be k(-2). Suppose 65*i = 66*i + 9. Let g(m) = 22*m + 3. Let y(q) = 89*q + 13. Let n(o) = i*g(o) + 2*y(o). Determine n(x).
19
Let h = 9 + -2. Let s(a) = 3 + 18*a - a - h*a + a**2. Give s(-7).
-18
Let f(g) = -2*g**3 - 3*g**2 + 3*g - 3. Let x = -278 + 280. Calculate f(x).
-25
Let c(q) = -q**3 + 7*q**2 - 3*q - 2. Let p(u) = -u + 2. Let b be p(-4). Calculate c(b).
16
Let z(s) = 2*s + 0 + 2*s - 3*s + 1. Let d be z(2). Let h(o) = 12*o**d + 2*o - 3*o + 0*o + 2*o**2. Determine h(1).
13
Let d(r) = r**3 + r**2 + 6. Let i be 30/(-75) - (-44)/10. Let k be i/(-6) - (-6)/9. Calculate d(k).
6
Let t(i) be the first derivative of i**2/2 + i - 2. Let m be 2/(-8) + 481/52. Let h(s) = s**2 - 9*s + 6. Let q be h(m). Give t(q).
7
Let a(c) = -c**3 - 6*c**2 - 2*c - 2. Suppose -8*z + 474 = -2*z. Let r = z + -84. Calculate a(r).
-17
Suppose -r = -3*n + 5*n - 22, -3*r = 4*n - 42. Let z = -7 + n. Let o(m) = -9*m**2 + 4*m + 6 + 7*m**2 + m**2 - 2. Determine o(z).
-1
Let x = -280 + 292. Let v(y) = y**2 - 13*y + 7. What is v(x)?
-5
Suppose 113 - 37 = -4*b. Let n = -24 - b. Let j(c) = 2*c - 3. Give j(n).
-13
Let h(a) = -a**3 + 7*a**2 + 12*a - 24. Let j = 2068 - 2060. Give h(j).
8
Let i be ((-4)/(-5))/((-18)/(-45)). Let c(j) = 10 - i*j - 16 + j + 2*j. What is c(7)?
1
Let u(d) = d**2 - 15*d + 10. Let y be u(15). Let b be y*(-4)/(-8)*1. Let o(f) = -5 + 1 - b*f + 3 - 5*f. Determine o(1).
-11
Let t(y) = -y**3 - 8*y**2 + 2*y + 7. Suppose -11*n = -6*n + 40. Determine t(n).
-9
Let p(m) = m**2 - 32*m - 22. Let d be p(33). Let f(n) = -n**2 + 11*n - 1. What is f(d)?
-1
Let h(z) = z**3 - 4*z**2 + 4. Let b = -103 - -80. Let o = -19 - b. Calculate h(o).
4
Let l(i) = -17*i**2 - 4*i. Let q(m) = 9*m**2 + 2*m. Let z(g) = -6*l(g) - 11*q(g). Determine z(-2).
8
Let m = 2692 + -2691. Let n(x) = 28*x - 1. Determine n(m).
27
Let h(g) = g**2 + 2*g - 4. Let a be h(-5). Suppose 5*w - 36 = -a. Let z(s) = 5 + 10*s + 9*s - 20*s. What is z(w)?
0
Let y(j) be the first derivative of -5*j - 4 - 1/2*j**4 + 3*j**2 + 1/20*j**5 + 2/3*j**3. Let q(m) be the first derivative of y(m). What is q(5)?
1
Let f(b) = 2*b - 3*b - 4 - 4*b - 4*b**2 + b**3. Let d(x) = 15 - 4 - x**2 + 9*x - 6. Let m be d(9). Calculate f(m).
-4
Suppose -3*r + 2*h + 3 - 7 = 0, -3*r + 3*h = 0. Let j(b) = -13*b**3 + 3*b**2 - 17*b**3 - 14*b**3 - 2 - 5*b + 45*b**3. Determine j(r).
2
Suppose -2*g = 22 - 0. Let o(n) = 2*n**3 - n**2 - 13*n + 8. Let x(c) = -3*c**2 + 5*c + 2*c + 4*c**2 - 1 - 3 - c**3. Let m(f) = g*x(f) - 6*o(f). Determine m(-5).
-9
Let w(x) be the third derivative of -x**6/120 - x**5/15 - x**4/6 - 5*x**3/6 - 397*x**2. Determine w(-4).
11
Let g(s) = s**2 + 7*s + 1. Suppose -22 = 2*q + 4*n, 3*n + 45 - 16 = -4*q. Calculate g(q).
-9
Suppose 0 = -3*v - m - m - 2, 5*m + 5 = 0. Suppose -p + 4 - 1 = v, c + p = 6. Let d(i) = 11*i - 4. Determine d(c).
29
Let c(u) be the second derivative of u**6/120 + u**5/60 + u**3/6 + 29*u**2/2 - 24*u. Let t(l) be the first derivative of c(l). Determine t(-1).
1
Let c(h) = -h - 10. Let a be c(-14). Let v be ((-6)/(-15))/(2/20). Let l(f) = -v*f**2 + 6 + f + 0*f - 7 + f**3. Determine l(a).
3
Suppose -4*l + 569 - 505 = 0. Let j(m) = m**3 - 15*m**2 - 16*m + 6. What is j(l)?
6
Let t(u) = -u**3 - 2*u**2 - 2*u + 5. Let h be -7 + (-12)/(-6) + 5. Give t(h).
5
Let a(p) = -p + 1. Let o(b) = -6*b - 4. Let l(m) = 2*m + 1. Let h(v) = -7*l(v) - 2*o(v). Let s(n) = 4*a(n) - h(n). Let c = -1 + 3. Calculate s(c).
-1
Suppose m = -4*c - 27, 3*m - 2*c = -8 - 3. Let b(t) = t + 5. Give b(m).
-2
Suppose 0 = 4*m - 8. Let a(j) = 0 - 16 + m*j + 20. Calculate a(5).
14
Let v(s) = -s - 4. Let w be v(-6). Let m(z) = -w*z + 2 + 4*z + z. Suppose -3 = 5*b - 9*b - 3*g, -4*g + 11 = 3*b. Give m(b).
-7
Let f(i) = -26044*i**3 - 9 + 26043*i**3 - 4*i - 3*i - 8*i**2. Give f(-6).
-39
Suppose -8*q - 245 = -189. Let p(z) = -2*z**2 + z**2 + 9 - 2*z - 4*z. What is p(q)?
2
Let s(x) = x**2 + 7*x - 6. Let l be (-88)/11 + (2 - 2). What is s(l)?
2
Let s(l) be the second derivative of -l**5/120 - 11*l**4/24 + 2*l**3 - l**2 + 15*l. Let n(k) be the second derivative of s(k). What is n(0)?
-11
Suppose 3*k - 24 = -0*k. Suppose -k*b - b = -45. Let o(h) = -h**3 + 3*h**2 + 7*h + 2. Determine o(b).
-13
Let l(g) = -g - 1. Let a(r) = -3*r + r**2 + 5 + 3 + 11*r + 3*r. Let m(y) = -a(y) - 4*l(y). Calculate m(-7).
-4
Let c(h) = -2*h + h**2 - 2*h + h**3 - 5*h + 33*h - 25*h. Determine c(-4).
-44
Let d(k) be the second derivative of -k**4/12 + k**3/6 - k**2 + 1412*k. Let p = 1 + -1. What is d(p)?
-2
Suppose 20*a = 3*a - 51. Let l(k) = k**2 + k. Let h(m) = -m**3 + 4*m**2 + 7*m. Let q(z) = a*l(z) + h(z). Determine q(3).
-6
Let l(f) = -16*f**2 + 11*f**2 - 21*f + 4 - 7 + 12*f. Give l(-2).
-5
Let g(w) = w**3 + 8*w**2 + 4*w + 2. Suppose 0 = -21*f + 28 - 175. Give g(f).
23
Let l(y) = y**3 - 4*y**2 - 8*y - 4. Suppose 0 = -12*m + 20 + 52. Calculate l(m).
20
Let t = 1 + 1. Let o = 0 + t. Let y(n) = -n**2 + 1 + o*n + 0*n - n + 4*n. Determine y(5).
1
Let f(x) = -x**2 + 4*x + 3. Let r be (-1)/(27/(-6) - -4). Let a = r - -16. Suppose 4*s + 4*m = -4, -2 = -s - 4*m - a. What is f(s)?
3
Let y(c) = 21*c**2. Let x = 589 + -590. Give y(x).
21
Let g(d) = -7*d**2 - 2*d + 12*d**2 + 0*d**2 + 3 - d**3 - 2*d. What is g(4)?
3
Let z(b) = -9*b - 6. Let l(y) = 9*y**2 + 63*y - 4. Let w be l(-7). Give z(w).
30
Let u(b) be the third derivative of b**4/24 + 7*b**3/6 - 2*b**2 + 47*b. Determine u(-6).
1
Let g(d) = 13*d**2 + 5*d + 4. Let a be g(-1). Let l(h) = h**3 - 13*h**2 + 13*h - 6. Calculate l(a).
6
Let x(a) = -75*a - 66*a + 213*a - 70*a. Suppose -2 = -z - 0. Suppose z = 5*k - 3. Give x(k).
2
Let j be ((-1568)/(-70) - 9) + 2/(-5). Let r(g) = g - 24. Determine r(j).
-11
Let p be ((-25)/(1225/21))/((-1)/(-7)). Let t(k) = 7*k + 8. Calculate t(p).
-13
Let h(z) = 3*z**3 + 16*z**2 - 12*z + 2. Let u be h(-6). Let f(k) = 2*k**3 - 2*k**2 + k - 1. Determine f(u).
9
Let o(l) = 7*l + 2. Let g = -331 - -328. What is o(g)?
-19
Let i(w) = -w**3 + 3*w**2 - 2*w + 3. Let h be -3 - (3*-4)/2. Let d be i(h). Let l(q) = 460*q - 925*q - 2 + 466*q - q**2. Determine l(d).
-14
Let r(f) = 10*f + 6. Suppose -8 = -4*h, 168*x + 3*h = 165*x. Calculate r(x).
-14
Let d(m) = 7*m**3 - 3*m**2 - 20*m + 3. Let x(u) = u**3 - u**2 - 9*u + 1. Let r(v) = d(v) - 2*x(v). Give r(-2).
-39
Let s(c) = c**3 - c**2 - 19. Suppose 6*g - 2*g = 60. Suppose 0 = -g*o + 6*o. Determine s(o).
-19
Let i = -95 + 98. Let l(d) be the first derivative of -5/2*d**2 + 3*d - 1/3*d**i + 5. Calculat